3 + 6*v**2 + 3*v - 6. Give h(4).
38
Let x(w) = w**3 + 4*w**2 + w + 1. Calculate x(-4).
-3
Let v(x) = -x**2 + 4*x + 3. Give v(4).
3
Let x(r) = 3*r**2 + 22*r + 2. Determine x(-7).
-5
Let y(n) = 47*n**2 + n. Give y(-1).
46
Let f(d) = 6*d**2 - 85*d + 15. Calculate f(14).
1
Let d(f) = -f**3 + 4*f**2 - 3*f + 1. Calculate d(3).
1
Let o(i) = i**3 - 9*i**2 + 9*i + 8. Determine o(7).
-27
Let s(f) = 3*f**2 - 2*f - 2. What is s(3)?
19
Let b(m) = m**3 - 15*m**2 + 17*m - 14. Calculate b(14).
28
Let f(h) = h**2 - 13*h + 8. Calculate f(10).
-22
Let v(g) = -58*g**3 + 13*g**2 - 12*g. Determine v(1).
-57
Let m(c) = 4*c + 10. Calculate m(-4).
-6
Let r(j) = -3*j**2 - 3*j + 4. Give r(-3).
-14
Let f(y) = y**3 - 9*y**2 + 8*y - 5. Determine f(8).
-5
Let g(d) = d**2 - 2*d + 6. Determine g(4).
14
Let u(w) = 55*w**2 - 3*w - 2. What is u(-1)?
56
Let j(q) = q**3 - 16*q**2 + 4*q - 69. Determine j(16).
-5
Let a(o) = 3*o + 13. Calculate a(-7).
-8
Let o(c) = c**2 - 9*c - 13. Give o(10).
-3
Let i(p) = -28*p - 171. Calculate i(-7).
25
Let c(t) = -t**3 - t**2 + 7*t + 7. Determine c(-3).
4
Let j(r) = r + 6. Give j(4).
10
Let s(b) = b**3 + 3*b**2 + 2*b + 6. Determine s(-4).
-18
Let j(y) = -2*y**2 + 8*y - 11. What is j(3)?
-5
Let p(s) = -s**3 - 5*s**2 - 9*s - 2. Determine p(-3).
7
Let v(y) = -10*y**3 - 29*y**2 - y - 10. Calculate v(-3).
2
Let a(n) = -5*n**2 + 40*n - 33. Calculate a(7).
2
Let y(s) = -s**3 - 10*s**2 - s - 3. What is y(-10)?
7
Let b(d) = d**3 + 9*d**2 - 25*d - 38. What is b(-11)?
-5
Let u(l) = -l**3 - 3*l**2 + 4*l + 6. What is u(-2)?
-6
Let p(o) = -2*o**3 + o**2 - 4*o + 2. Calculate p(0).
2
Let i(n) = -7*n**3 - n**2 + 2*n - 1. Give i(1).
-7
Let w(x) = -x**2 - 12*x - 34. Calculate w(-8).
-2
Let v(d) = d**2 + 11*d + 20. Determine v(-10).
10
Let n(j) = j - 4. Give n(8).
4
Let f(b) = b**3 + 10*b**2 + 15*b + 25. Calculate f(-9).
-29
Let l(f) = -f**2 + 4*f + 1. Determine l(6).
-11
Let y(h) = h**2 + 4*h - 22. What is y(-7)?
-1
Let p(y) = -y**2 + 7*y - 7. Calculate p(7).
-7
Let s(n) = 49*n + 878. What is s(-18)?
-4
Let n(j) = -j - 14. What is n(-18)?
4
Let m(a) = a**3 - 10*a**2 - 38*a - 20. Determine m(13).
-7
Let l(p) = p**2 - 5*p - 9. Give l(8).
15
Let m(w) = -w**2 - 17*w - 17. Calculate m(-16).
-1
Let g(b) = -2*b + 6. What is g(-8)?
22
Let b(i) = i**3 - 18*i**2 + 10*i + 107. Determine b(17).
-12
Let o(z) = 12*z - 493. Calculate o(40).
-13
Let h(x) = -x**3 + 19*x**2 - 17*x - 15. Determine h(18).
3
Let k(m) = 17*m**2 + m - 1. Determine k(1).
17
Let d(i) = -i**2 + 7*i - 11. What is d(6)?
-5
Let q(n) = -28*n**2 - 1. What is q(1)?
-29
Let o(f) = f**2 + 4*f + 13. Calculate o(-3).
10
Let h(t) = -t**2 + 20*t - 29. Calculate h(19).
-10
Let v(f) = -12*f - 1. Calculate v(-3).
35
Let r(p) = p**3 - 18*p**2 - 19*p + 10. Calculate r(19).
10
Let f(c) = -c**2 - 51*c + 990. Calculate f(-66).
0
Let a(n) = -n**2 + 7*n + 16. Determine a(8).
8
Let a(h) = -h**3 + 18*h**2 - 16*h + 16. What is a(17)?
33
Let j(c) = -30*c - 391. Calculate j(-14).
29
Let s(j) = -2*j + 11. What is s(-8)?
27
Let w(u) = u**2 - 11*u + 5. Give w(12).
17
Let b(w) = -w**3 - 22*w**2 + 21*w - 32. Calculate b(-23).
14
Let l(n) = -2*n**2 + 4*n - 1. What is l(5)?
-31
Let f(q) = -q**2 + 5*q + 13. What is f(9)?
-23
Let h(u) = -u**3 + 16*u**2 + 16*u + 6. Give h(17).
-11
Let j(p) = -p**3 + 3*p**2 + 3*p - 6. Calculate j(3).
3
Let v(o) = -o**2 + o - 2. Give v(0).
-2
Let c(v) = v**2 - 30*v - 20. Calculate c(28).
-76
Let k(l) = -5*l - 6. What is k(-5)?
19
Let g(t) = -22*t**2 + 2*t + 2. Calculate g(-1).
-22
Let o(t) = 4*t - 5. Calculate o(9).
31
Let d(v) = -v**2 - 5*v + 2. Determine d(3).
-22
Let x(o) = 5*o - 22. Calculate x(9).
23
Let m(y) = 27*y - 192. What is m(7)?
-3
Let s(c) = -2*c**2 - 13*c - 1. Determine s(-6).
5
Let c(d) = 9*d + 28. Give c(-4).
-8
Let q(x) = 214*x - 216. Determine q(1).
-2
Let y(c) = 5*c + 26. Determine y(-8).
-14
Let q(r) = -2*r - 9. What is q(-5)?
1
Let h(w) = -w**3 + 5*w**2 + 6*w - 12. Determine h(6).
-12
Let y(m) = m**2 + 18*m + 26. Calculate y(-17).
9
Let o(r) = r + 13. What is o(-17)?
-4
Let c(v) = v**2 + 16*v - 59. Determine c(-19).
-2
Let j(u) = -13*u**2 - 61*u + 16. Calculate j(-5).
-4
Let d(a) = -4*a + 96. What is d(24)?
0
Let x(j) = j**3 - 5*j**2 + 77*j - 391. What is x(5)?
-6
Let h(k) = -k**3 - 7*k**2 + 16*k + 116. Determine h(-7).
4
Let r(q) = -11*q + 12. Give r(2).
-10
Let l(g) = 4*g**2 - 20*g - 13. Give l(6).
11
Let o(d) = d**3 + 29*d**2 - 31*d - 36. Calculate o(-30).
-6
Let o(w) = -48*w**2 - w + 2. Give o(1).
-47
Let g(l) = -10*l + 28. What is g(4)?
-12
Let p(a) = a**3 + 4*a**2 - 75*a + 13. Give p(-11).
-9
Let m(y) = -4*y + 38. What is m(0)?
38
Let c(p) = 3*p**2 + 38*p - 114. Give c(-15).
-9
Let c(z) = -10*z - 184. What is c(-19)?
6
Let s(h) = -19*h - 114. Determine s(-7).
19
Let u(g) = 13*g - 81. Calculate u(6).
-3
Let c(z) = 30*z - 117. What is c(4)?
3
Let t(j) = j**2 - 56*j - 111. What is t(-2)?
5
Let y(l) = -l**2 + 17*l + 63. Give y(19).
25
Let z(b) = -18*b + 560. Give z(31).
2
Let g(j) = j**2 + 2*j - 6. Determine g(-10).
74
Let v(l) = -2*l**2 - 14*l - 15. What is v(-6)?
-3
Let v(b) = -b**3 - 33*b**2 + 33*b - 38. Give v(-34).
-4
Let f(m) = 16*m - 13. Determine f(-1).
-29
Let t(o) = -o - 61. Calculate t(-8).
-53
Let n(y) = y**3 - 6*y**2 + 4*y + 8. What is n(5)?
3
Let j(n) = n**2 + n + 104. Determine j(0).
104
Let z(w) = w**3 + 10*w**2 + w + 8. What is z(-10)?
-2
Let h(z) = z**3 - 19*z**2 - 15*z - 27. What is h(20)?
73
Let d(k) = 23*k + 640. Determine d(-28).
-4
Let n(c) = -c**3 + 16*c**2 - 38*c + 8. What is n(13)?
21
Let m(z) = 17*z - 34. What is m(8)?
102
Let f(d) = d**3 - 13*d**2 + d + 6. Determine f(13).
19
Let g(n) = 21*n**2 + 315*n + 2. What is g(-15)?
2
Let l(b) = -3*b - 8. Give l(-8).
16
Let g(w) = -7*w + 40. Calculate g(7).
-9
Let v(g) = -3*g**2 + 10*g - 18. Determine v(4).
-26
Let u(r) = -3*r - 1. Calculate u(3).
-10
Let r(i) = 16*i - 95. Give r(5).
-15
Let h(f) = -f**2 - 7*f + 3. What is h(-6)?
9
Let y(w) = 8*w - 31. What is y(9)?
41
Let j(r) = 4*r + 23. Calculate j(-7).
-5
Let d(y) = -y**3 - 7*y**2 - 4*y + 2. What is d(-7)?
30
Let m(x) = 9*x**3 - 6*x**2 - 2*x + 3. Calculate m(-2).
-89
Let d(f) = f**2 - 12*f - 41. Give d(14).
-13
Let i(p) = 6*p**2 - 5*p + 5. What is i(2)?
19
Let y(c) = -44*c + 224. Determine y(5).
4
Let x(z) = 36*z + 14. What is x(-2)?
-58
Let l(x) = 12*x - 48. Calculate l(2).
-24
Let i(d) = -d**3 - 25*d**2 - 50*d + 3. Calculate i(-23).
95
Let y(r) = -r**2 - 15*r + 1. Give y(-4).
45
Let o(y) = -y**3 + 8*y**2 - 4*y - 48. What is o(8)?
-80
Let u(z) = 11*z + 194. Give u(-17).
7
Let l(p) = -3*p + 2. Give l(-7).
23
Let o(n) = -n**2 - 6*n + 39. Give o(5).
-16
Let b(i) = i**3 - 7*i**2 + 8*i - 7. Calculate b(6).
5
Let p(y) = -y**3 - 4*y**2 + 3*y - 6. Give p(-5).
4
Let v(j) = j**3 + 13*j**2 + 3*j + 45. Give v(-13).
6
Let c(j) = -j - 3. Determine c(-23).
20
Let f(m) = -m**2 + m + 9. Give f(6).
-21
Let j(w) = w**2 - 66*w + 250. Determine j(62).
2
Let o(g) = 11*g - 1. What is o(-2)?
-23
Let s(c) = c**3 - 4*c**2 - 31*c + 25. Determine s(8).
33
Let j(n) = -n**3 + n**2 + 14*n + 1. Determine j(4).
9
Let w(k) = k**3 - 13*k**2 + 13*k - 8. What is w(12)?
4
Let v(f) = f**2 - 10*f + 5. What is v(9)?
-4
Let l(w) = -w**2 - 2*w - 49. Calculate l(0).
-49
Let y(j) = -83*j. Calculate y(-1).
83
Let j(v) = -44*v - 275. What is j(-6)?
-11
Let p(u) = 2*u**2 - 3*u - 4. What is p(-3)?
23
Let k(z) = z**2 + 9*z - 16. What is k(-11)?
6
Let b(p) = -17*p + 15. Determine b(1).
-2
Let d(v) = 9*v - 40. Give d(-5).
-85
Let v(b) = -5*b + 12. Calculate v(3).
-3
Let g(j) = j**3 + 2*j + 26. Determine g(0).
26
Let y(o) = 6*o - 56. Give y(8).
-8
Let k(m) = -7*m + 20. What is k(6)?
-22
Let b(l) = -6*l**2 + 10*l + 8. What is b(-1)?
-8
Let u(z) = z**2 - 7*z - 8. Give u(9).
10
Let c(y) = -y**3 - 8*y**2 - 6*y + 1. What is c(-7)?
-6
Let a(p) = p**2 + 57*p - 166. Give a(-60).
14
Let v(f) = 2*f**3 + 5*f**2 + 5*f + 10. Give v(-3).
-14
Let b(x) = 58*x + 228. What is b(-4)?
-4
Let i(a) = -4*a**2 + 61*a - 19. Determine i(15).
-4
Let n(y) = -14*y**3. What is n(-1)?
14
Let c(z) = -z**2 - 26*z - 85. Calculate c(-22).
3
Let j(i) = i**2 + 6*i + 34. Calculate j(-7).
41
Let f(c) = 4*c**3 + 3*c**2 - 2*c. Give f(1).
5
Let y(o) = 2*o - 39. Give y(22).
5
Let n(b) = -7*b**2 + 2*b - 5. Calculate n(1).
-10
Let l(q) = q + 27. Give l(-19)